i) = -8*i - 332. Determine c(-41).
-4
Let c(w) = -4*w**2 + 2*w + 4. Determine c(-3).
-38
Let r(q) = 35*q**3 - q**2. Give r(1).
34
Let g(c) = -2*c**3 + 35*c**2 - 16*c - 23. What is g(17)?
-6
Let q(a) = 4*a - 2. Give q(-8).
-34
Let i(g) = -81*g**2 + g. Give i(-1).
-82
Let r(d) = -d**2 + 13*d - 39. Determine r(9).
-3
Let z(f) = 5*f**2 - 7*f + 4. Calculate z(4).
56
Let b(l) = 2*l**3 + 32*l**2 + 4*l + 35. Calculate b(-16).
-29
Let m(g) = 16*g + 3. Give m(-2).
-29
Let q(k) = k**2 + 9*k + 4. Determine q(-9).
4
Let z(i) = -30*i - 30. Calculate z(-5).
120
Let g(w) = w**2 - 26*w - 50. Give g(27).
-23
Let n(i) = i**2 + 2*i - 15. Determine n(5).
20
Let c(r) = -60*r - 413. Calculate c(-7).
7
Let g(k) = 3*k - 11. Give g(4).
1
Let s(t) = -3*t - 8. Give s(-5).
7
Let l(h) = -h**2 - 11*h - 12. What is l(-6)?
18
Let t(h) = -h**3 - 6*h**2 - 4*h + 7. Calculate t(-5).
2
Let u(g) = -14*g**2 - 8*g + 7. Calculate u(1).
-15
Let n(a) = -5*a - 8. Give n(-8).
32
Let z(k) = k**3 + 4*k**2 - 2*k - 3. Calculate z(-2).
9
Let i(l) = -l**3 - 14*l**2 + 49*l - 38. Calculate i(-17).
-4
Let f(l) = -l**3 + l**2 + 6*l - 4. Give f(5).
-74
Let g(a) = 13*a - 107. Calculate g(8).
-3
Let s(z) = -z**2 - 19*z + 42. Determine s(-21).
0
Let r(u) = -2*u - 25. Give r(-6).
-13
Let f(x) = -6*x + 87. What is f(17)?
-15
Let o(m) = -3*m**2 - 39*m - 95. Give o(-3).
-5
Let k(a) = -4*a**2 - 5. What is k(-6)?
-149
Let i(n) = 32*n + 21. What is i(-5)?
-139
Let r(i) = -7*i + 26. Give r(3).
5
Let w(n) = 40*n + 160. Give w(-4).
0
Let x(s) = -45*s**3 - s**2 + s + 1. Determine x(-1).
44
Let q(t) = -t**3 - 3*t**2 + 1. Give q(-4).
17
Let g(b) = 9*b + 112. Determine g(-14).
-14
Let l(a) = -a**3 + 10*a**2 - 18*a + 68. Give l(9).
-13
Let v(s) = s**2 - 46*s + 119. Determine v(3).
-10
Let f(r) = 8*r**2 - 2*r - 2. Calculate f(2).
26
Let b(u) = -4*u**3 - 3*u**2 - u - 2. Determine b(-2).
20
Let q(t) = t**3 + 5*t**2 + 2*t - 16. Calculate q(-3).
-4
Let l(o) = -11*o**2. Calculate l(-1).
-11
Let j(p) = -p**2 - 20*p - 106. Determine j(-5).
-31
Let b(w) = w + 14. Calculate b(-4).
10
Let k(r) = -r**2 + 22*r + 72. What is k(-3)?
-3
Let x(g) = -g + 9. Calculate x(15).
-6
Let f(y) = y**3 - 27*y**2 - 30*y + 48. Determine f(28).
-8
Let h(c) = -3*c + 9. Give h(4).
-3
Let d(j) = -5*j + 1. Give d(1).
-4
Let c(h) = -h**3 + 21*h**2 - 42*h - 7. Calculate c(19).
-83
Let i(x) = -4*x**2 + 28*x - 7. Calculate i(8).
-39
Let h(x) = 3*x**3 + 103*x**2 + 35*x + 33. Give h(-34).
-1
Let q(d) = 2*d + 38. Give q(-19).
0
Let c(q) = -q**2 - 2*q + 7. Give c(-6).
-17
Let q(b) = 4*b**2. What is q(1)?
4
Let d(u) = u**3 + 7*u**2 + 7*u - 12. Determine d(-5).
3
Let f(t) = 7*t. Calculate f(-4).
-28
Let u(g) = -16*g. What is u(-1)?
16
Let q(w) = 6*w + 45. Give q(-8).
-3
Let a(m) = -m**2 - 31*m - 225. Determine a(-19).
3
Let y(u) = 2*u + 18. What is y(-13)?
-8
Let f(u) = -24*u - 9. Calculate f(-2).
39
Let m(r) = r**3 - 4*r**2 - 11*r + 21. Calculate m(5).
-9
Let u(y) = -y**3 + 5*y**2 + 3*y - 19. What is u(5)?
-4
Let r(k) = k**3 - 10*k**2 + 6*k + 25. What is r(9)?
-2
Let c(n) = 2*n + 4. What is c(10)?
24
Let b(h) = -7*h + 127. Calculate b(20).
-13
Let d(i) = 5*i + 99. What is d(-19)?
4
Let c(j) = -j - 10. Determine c(-3).
-7
Let d(l) = l**3 + 4*l**2 - 2. Give d(-3).
7
Let c(g) = -4*g + 139. What is c(36)?
-5
Let a(l) = 2*l**3 + 3*l**2 - 9*l + 6. Determine a(2).
16
Let r(i) = -i**2 - i + 17. Determine r(5).
-13
Let b(g) = -7*g**2 + 21*g - 3. What is b(4)?
-31
Let y(l) = -5*l + 97. What is y(18)?
7
Let t(v) = -v**3 - 5*v**2 - 2*v + 6. Give t(-3).
-6
Let z(w) = -17*w + 8. Determine z(-3).
59
Let o(a) = -3*a + 42. Calculate o(17).
-9
Let t(v) = -v**2 + 2*v + 26. Give t(0).
26
Let o(s) = -21*s + 14. Calculate o(-3).
77
Let z(r) = -2*r**3 - 3*r**2 + 6*r + 8. Give z(-3).
17
Let x(q) = -q**3 - 2*q**2 + 2*q + 4. What is x(-3)?
7
Let d(r) = r**2 + 30*r + 222. Determine d(-15).
-3
Let m(b) = 20*b - 85. What is m(4)?
-5
Let o(r) = -10*r - 4. Calculate o(-3).
26
Let l(j) = -j**2 - 7*j + 1. Give l(-5).
11
Let j(t) = -9*t - 26. Give j(-3).
1
Let k(q) = -q**2 + 27*q + 82. Give k(30).
-8
Let q(r) = r + 27. Determine q(-53).
-26
Let z(d) = -3*d**3 - 2. Determine z(-2).
22
Let j(n) = -4*n + 2. Give j(2).
-6
Let f(u) = -u**2 - 12*u + 52. Determine f(-15).
7
Let j(g) = 159*g - 794. What is j(5)?
1
Let t(u) = -2*u + 23. What is t(7)?
9
Let u(d) = -14*d - 16. Calculate u(-3).
26
Let h(n) = -n + 11. Determine h(-5).
16
Let k(c) = -5*c**2 + 18*c - 24. Determine k(5).
-59
Let t(b) = -b + 12. Determine t(8).
4
Let y(g) = g**3 - 5*g**2 + 2*g - 5. What is y(5)?
5
Let u(i) = -6*i**3 - 3*i**2 - i. Determine u(-2).
38
Let d(t) = t**3 - 9*t**2 + 8*t + 20. Calculate d(8).
20
Let a(n) = 5*n**2 - 2*n - 1. What is a(-1)?
6
Let o(k) = 2*k**3 - 4*k**2 - k - 7. Give o(3).
8
Let k(c) = 20*c + 10. Determine k(-2).
-30
Let r(j) = -5*j - 9. What is r(-3)?
6
Let x(n) = -n**2 + 12*n - 20. Give x(9).
7
Let s(j) = j**3 + 4*j**2 - j + 1. Calculate s(-4).
5
Let f(o) = o**2 + 3*o - 10. Calculate f(-7).
18
Let r(t) = -t**2 + 2*t + 4. Give r(-2).
-4
Let r(n) = n**3 - 11*n**2 + 10*n + 7. Determine r(10).
7
Let b(n) = -n**2 + 19*n + 40. Calculate b(21).
-2
Let i(x) = 2*x + 29. Give i(0).
29
Let i(o) = -8*o**2 - 17*o + 18. Calculate i(1).
-7
Let y(t) = -t**2 - 10*t - 26. Give y(-9).
-17
Let t(n) = 55*n + 229. Determine t(-4).
9
Let g(m) = -m**3 - 3*m**2 + 3*m - 10. Determine g(-5).
25
Let t(y) = -y**2 - 6*y + 6. Give t(3).
-21
Let n(g) = -3*g + 10. Determine n(-5).
25
Let d(g) = g**3 + 17*g**2 + 30*g. Give d(-15).
0
Let k(x) = x**2 - 3*x - 1. What is k(4)?
3
Let v(h) = -h**3 + 20*h**2 - 81*h - 54. Give v(14).
-12
Let q(c) = -8*c. Give q(-2).
16
Let u(q) = 8*q**3 - 3*q**2 + q. Calculate u(1).
6
Let d(r) = 10*r**2 - r. What is d(-1)?
11
Let q(g) = g**2 - g - 1. Calculate q(0).
-1
Let x(v) = v - 2. Give x(-9).
-11
Let n(a) = 10*a + 4. Determine n(0).
4
Let c(g) = -g + 13. Calculate c(8).
5
Let k(v) = -v**2 - 4*v - 5. Give k(-5).
-10
Let x(c) = -c**3 + 10*c**2 + 12*c - 2. What is x(11)?
9
Let d(w) = 38*w**2 - 187*w - 14. What is d(5)?
1
Let u(v) = -v**2 + 50*v - 216. Determine u(45).
9
Let j(m) = 4*m**3 + m**2 - 3*m - 3. Determine j(-1).
-3
Let p(b) = -b - 29. Give p(-17).
-12
Let n(h) = -h**3 - h**2 - 3*h + 26. What is n(0)?
26
Let s(d) = -d**3 + 11*d**2 - 12*d - 24. Calculate s(10).
-44
Let x(u) = 2*u**2 + 16*u + 20. Determine x(-7).
6
Let h(f) = -4*f**2 + 20*f + 17. Give h(6).
-7
Let k(l) = 9*l + 15. Give k(-5).
-30
Let u(n) = -5*n**2 - n - 1. What is u(-2)?
-19
Let j(o) = o**3 + 7*o**2 + o - 7. Give j(-6).
23
Let k(s) = 9*s + 3. What is k(-7)?
-60
Let c(a) = a**3 - 9*a**2 + 3*a + 77. Determine c(7).
0
Let s(n) = -n**3 + 6*n**2 + 4*n + 6. What is s(7)?
-15
Let m(l) = 2*l**3 - 3*l**2 + 13*l + 14. Give m(-1).
-4
Let h(d) = 16*d + 659. Give h(-41).
3
Let j(k) = -6*k**3 + 2*k**2 - 3*k + 2. Calculate j(1).
-5
Let x(v) = -2*v - 16. Calculate x(-11).
6
Let s(j) = 2*j - 30. Give s(17).
4
Let z(u) = -3*u**2 - 69*u + 70. What is z(-24)?
-2
Let j(p) = p**3 + 9*p**2 - 6*p + 16. Calculate j(-10).
-24
Let o(p) = -p - 26. Give o(-25).
-1
Let u(k) = 6*k + 44. Give u(-7).
2
Let u(z) = -5*z**2 + 8*z + 3. Calculate u(3).
-18
Let z(d) = -3*d**2 + 2*d + 10. What is z(-2)?
-6
Let u(g) = -2*g**2 - 23*g + 31. Give u(-13).
-8
Let s(d) = 3*d**2 - 6*d + 3. Give s(2).
3
Let u(d) = d**3 + 19*d**2 - 7*d + 8. What is u(-19)?
141
Let v(z) = -11*z**3 + z - 2. Determine v(1).
-12
Let m(y) = y**2 - 2*y - 1. What is m(6)?
23
Let l(z) = -6*z - 9. Determine l(0).
-9
Let b(k) = -2*k - 8. Give b(-5).
2
Let a(n) = -2*n**2 - 18*n - 27. Give a(-7).
1
Let u(l) = -l**3 - 3*l**2 + 3*l + 4. Give u(-3).
-5
Let b(w) = -w**3 + 16*w**2 + w + 38. Give b(17).
-234
Let k(m) = -m**2 + 14*m - 15. Determine k(13).
-2
Let q(y) = -y**3 - y**2 + 4*y - 5. Calculate q(-4).
27
Let x(l) = -l**3 - 6*l**2 + l - 8. Give x(-6).
-14
Let f(o) = o**3 + 6*o**2 - 6*o + 5. Determine f(-7).
-2
Let x(n) = -5*n**2 + 22*n + 5. Give x(5).
-10
Let d(i) = i**3 + 27*i**2 + 51*i + 8. Determine d(-25).
-17
Let w(r) = -r**3 + 16*r**2 + 15*r + 4. Determine w(17).
-30
Let t(l) = -l**3 - 2*l**2 - 2. Calculate t(-3).
7
Let t(l) = -3*l - 13. What is t(-6)?
5
Let h(q) = -q - 79. Calculate h(-21).
-58
Let b(t) = -t**3 - 15*t**2 + 39*t + 23. What is b(-17)?
-62
Let h(t) = t**2 - 8*t + 10. What is h(6)?
-2
